 + 4*x - 73. What is the tens digit of c(9)?
4
Let x(i) = i**2 + 8*i - 49. What is the units digit of x(17)?
6
What is the thousands digit of (-4001)/2*(-4 + 2)?
4
Suppose -r - 14 + 184 = 0. What is the units digit of r?
0
Let g be 2/(-12) - 14232/144. Let t = -94 - g. What is the units digit of t?
5
Suppose -4*m - 59 + 1551 = 0. What is the units digit of m?
3
Let v be 933/21 + (-3)/7. Suppose -7*o = -5 - v. What is the units digit of o?
7
Let n = -1951 - -2107. What is the hundreds digit of n?
1
Suppose -3*t = 2*j - 152, 2*j - t + 0*t = 152. Suppose p = 1, 2*z - 137 = -5*p + j. What is the units digit of z?
4
Let c = -425 - -465. What is the tens digit of c?
4
Let l = 185 + 207. What is the hundreds digit of l?
3
Let z = 20 - 4. Let d be (22 + -27)/(1*(-1)/3). Let f = z - d. What is the units digit of f?
1
Suppose 0 = 5*l - 4*p + 363, 52 + 263 = -4*l - 5*p. Let o = 98 + l. What is the tens digit of o?
2
What is the hundreds digit of ((-27)/2)/((-79)/16274)?
7
Suppose -3*c = -2*c + 5*f - 21, -f = c - 17. Suppose 182 = 3*g - 5*t, t = 5*t + c. Let a = g + -3. What is the tens digit of a?
5
What is the hundreds digit of 6/(-63) + 58350/126?
4
Let n(f) = -f - 13. Let k be n(-16). Let u(b) = -b + 6. Let q be u(k). Suppose -68 = -q*h + h. What is the units digit of h?
4
Suppose 11 = 5*k - 69. Suppose -5 = 3*g - 23. Let w = k - g. What is the tens digit of w?
1
Let w = -31 + 15. Let f be -1 + (1 - 19) - 3. Let z = w - f. What is the units digit of z?
6
Suppose -295 = 2*z - 21. Let m = z + 440. Suppose -21 - m = -4*g. What is the tens digit of g?
8
What is the units digit of -5 - (5 - (-2 + 460))?
8
Suppose -42 + 70 = 4*x. What is the units digit of x?
7
Suppose 6 = 3*m - 0. Suppose 7*t - 120 = m*t. What is the tens digit of t?
2
Suppose -17*m - 3610 = -2*b, -m = -4*b + 3*b + 1805. What is the thousands digit of b?
1
Suppose 47*j - 51*j = -2308. What is the hundreds digit of j?
5
Suppose -4*k + 5*f - 89 = 78, 4*k + 4*f + 176 = 0. Let t = 78 - k. What is the units digit of t?
1
Let s(j) = -87*j - 3. Let u be s(2). Let g = u - -385. What is the hundreds digit of g?
2
Let r(s) = -19*s - 16. Let o be r(4). Let x = 5 - o. What is the units digit of x?
7
Let k(q) = -103*q + 19. Let c be k(-7). Suppose 0*b + c = 10*b. What is the units digit of b?
4
Let z = 126 + -84. Suppose 0 = 5*k + 4*g - 417, g = 3*k - 282 + z. What is the units digit of k?
1
Suppose 0*u + 2*u = 114. Let i = u + -2. Suppose 3*f = 5*r - 102, -4*r + i = f - 30. What is the tens digit of r?
2
What is the tens digit of ((-717)/(-2))/(-7 - 354/(-48))?
5
Suppose -7*m + 3*m = -16. Suppose -15 = -p + k, -m*p + 5*k + 83 = 19. What is the tens digit of p?
1
Let g(z) be the second derivative of -9*z**5/2 + z**4/12 - z**2/2 + 6*z. Let w be g(-1). Suppose -t + w = 27. What is the tens digit of t?
6
Let m be -2*6*(-6)/18. Let b be (176/(-12))/(m/(-6)). What is the tens digit of 8/44 + 546/b?
2
Suppose -4*x - 28 = -2*l, 0 = x + 2*l - l + 7. Suppose 0 = 2*j + 3*j - 2*a - 29, -34 = -4*j - 2*a. Let d = j - x. What is the tens digit of d?
1
Suppose 4*d - 6 = 4*u + 46, 0 = d + u - 9. What is the units digit of (d/(-2) - 0)*-14?
7
Suppose 6*l - 5*z + 5 = l, -3*z = -4*l. Suppose -4*c - 3*h = 72, c + 6 + 21 = -l*h. What is the tens digit of ((-20)/c)/((-4)/(-126))?
4
Let l(f) = -f + 2. Suppose p - 4*p + 9 = 3*s, -5*p + 2*s = 6. Let y be l(p). Suppose 4*o = -3*h - y, 0*h + 2*h - 2*o = 8. What is the units digit of h?
2
Let k = -22 + 27. Let s be -1 + 2 - (-6 + k). What is the units digit of (3 - 10)/(-3 + s)?
7
Let a be 2 + -11 + -5 + 8. Let h = a + 11. Suppose 5*m = -2*f + 59, 0*m + h*f = 3*m - 23. What is the units digit of m?
1
Let s(b) = 22*b - 13. Suppose 0 = h + 4*u + 1 + 3, 2*h - 4*u - 16 = 0. What is the tens digit of s(h)?
7
Suppose 3*m - 21 = 3*o, -3*m - m - 4*o - 4 = 0. What is the units digit of (-537)/(-9) - (-1)/(m/(-2))?
9
Let c(l) = 36*l + 27. What is the hundreds digit of c(20)?
7
What is the tens digit of 5550/(20/4) + 11 + -6?
1
Let a(b) = b**2 - 11*b - 15. Let l = 7 - 5. Suppose 0 = -5*n - 2*s + 67, 5*n - s - 62 = l*s. What is the units digit of a(n)?
1
Let j(w) = -w**2 + 4*w + 7. Let n be j(5). Let t(f) = 6*f - 2*f + 0*f**n + 1 + 2*f - f**2. What is the tens digit of t(3)?
1
Let r(v) = v**3 + 5*v**2 - 4*v + 12. Let n be r(-6). Let a be 2 + n + 3 + -1. What is the units digit of 55/a - 4/(-16)?
4
Let o = -213 + 507. What is the units digit of (-2)/(o/(-73) + 4)?
3
Let c(v) = v**2 + 9*v - 7. Let r be c(10). Suppose -2*f - 3*d = -r, 90 = f - 0*d + d. What is the units digit of f?
7
Let n = 584 - -108. Suppose n = -15*c + 19*c. What is the tens digit of c?
7
Suppose -4*j = -s + 631 + 504, 0 = 4*s - 5*j - 4507. What is the units digit of s?
3
Suppose -3*v - 3*d = -0*d - 222, 4*d = -5*v + 369. Suppose 0 = 4*x - 5*x + v. Suppose -3*h + x = 3*r - 26, 3*r = -2*h + 100. What is the units digit of r?
4
Suppose 2*z - 1720 = -208. What is the units digit of z?
6
Let u(l) = 37*l**3 - 12*l**2 - 15*l + 17. What is the thousands digit of u(5)?
4
Suppose 5*a = 43 - 8. Let q = a - 4. Suppose 4*l + q - 23 = 0. What is the units digit of l?
5
Let w = 125 - 48. Suppose 619 = 6*m - w. What is the units digit of m?
6
What is the tens digit of ((-1715)/147)/((-5)/378)?
8
Suppose 30*x - 5747 = 24523. What is the thousands digit of x?
1
Suppose 486 + 2076 = 7*g. What is the units digit of g?
6
Suppose 0*n = -2*n - 4*l + 22, -2*l - 54 = -4*n. Suppose -4*q - 61 = -n. What is the units digit of (-224)/q*54/21?
8
Suppose -5*h + 13 + 2 = 0. Suppose m = h*m + 2. What is the tens digit of (31 - m) + 1 + 3?
3
Let l be ((-4)/(-16))/((-2)/(-40)). Let k be 15/6*104/l. What is the tens digit of k*1 - (6 - 5)?
5
Let g(o) = -2219*o + 30. What is the thousands digit of g(-1)?
2
Let s(o) = -631*o**3 + 3*o + 3. What is the hundreds digit of s(-1)?
6
Suppose -2*z + 228 = -2*n - 234, 0 = -n + 5. Let x = z - 158. What is the tens digit of x?
7
Suppose 14*l - 6902 = -0*l. What is the units digit of l?
3
Suppose 102 = 3*t - 0. Let f = 31 - t. Let x(c) = -c**3 + 3*c + 6. What is the units digit of x(f)?
4
Let q(c) = 446*c + 167. What is the units digit of q(3)?
5
Let d(j) = -402*j - 195. What is the units digit of d(-6)?
7
Let u = 87 + 10. Let d = u + -66. What is the tens digit of d?
3
Suppose -2*v = -7*k + 8*k - 119, k - 104 = 3*v. What is the tens digit of k?
1
Let q be (65/(-25) + 3)*(-180)/(-1). Let d(p) = p**3 + 7*p**2 - 10*p + 4. Let k be d(-8). Suppose -k*o + 18*o = -q. What is the units digit of o?
6
Let m be (8/5)/((-3)/(-180)). Let g be (4 - 5/2)*m. Suppose -4*c + g = 4*f, -f - 6*c + c + 28 = 0. What is the tens digit of f?
3
Let z = -3225 - -5180. What is the hundreds digit of z?
9
Let f(m) = 6*m**3 - 9*m**2 + 10*m - 20. What is the hundreds digit of f(5)?
5
Let g(o) = -5*o**2 - 2 + 88*o - 81*o + 4*o**2. Let n be g(6). Suppose n*f = 3*i - 180, -4*i + 4*f + 16 = -220. What is the tens digit of i?
5
Let o be (-2)/12 + (-412)/(-24). Let q = o + -17. What is the units digit of q/(1 - 0) + 29?
9
Let b(s) = -s**3 + 4*s**2 - 4*s + 4. Let h be b(2). Let y be 15 - (2 - (h - 1)). Suppose -7*v + 5*v = -y. What is the units digit of v?
8
Suppose 15 = 3*t + 3*q, 0 = t - 0*t - 4*q. Suppose 14 + t = -3*i. Let n(d) = d**2 + d + 8. What is the units digit of n(i)?
8
Let m(z) = z**2 - 3*z. Let p be m(4). Suppose -p*h - 12 = -b, 5*b - 4*h - 12 = -0. Suppose 3*c - 33 + 3 = b. What is the units digit of c?
0
What is the tens digit of 30/(-5) + -7 + 57?
4
Suppose 37*u - 64394 = 46976. What is the thousands digit of u?
3
Let d(f) = -f**3 - 5*f**2 + 5*f - 1. Let o be d(-6). Suppose 3*u - 2*y - 190 = 0, -y = -o*u + 216 + 103. What is the units digit of u?
4
Let l be ((-6)/(-4))/((-2)/(-40)). Let z be 6/((-6)/(-85))*1. Suppose 5*y - l = z. What is the units digit of y?
3
Let n = -2826 - -4133. What is the tens digit of n?
0
Let p(m) = -m**2 + 4*m + 10. Let c be -6 + 14 - 3/(-1). Let w be p(c). Let h = -45 - w. What is the tens digit of h?
2
Suppose 4*u = -15 - 5. Let p be ((-24)/15 - -2)*u. What is the units digit of ((-3)/p)/(12/16)?
2
Let w(u) = -u**3 - 67*u**2 + 55*u + 185. What is the hundreds digit of w(-68)?
0
Let f be 0 + 146 - (0 - 1). What is the tens digit of (-126)/f*(0 + -161)?
3
Let p(y) be the third derivative of y**5/60 + y**4/12 + 